{"id":5476,"date":"2021-09-21T22:38:46","date_gmt":"2021-09-21T20:38:46","guid":{"rendered":"https:\/\/schoolplasticfreemovement.org\/?page_id=5476"},"modified":"2024-02-21T05:03:08","modified_gmt":"2024-02-21T04:03:08","slug":"homepage-2","status":"publish","type":"page","link":"https:\/\/schoolplasticfreemovement.org\/es\/homepage-2\/","title":{"rendered":"Homepage"},"content":{"rendered":"<p><\/p>\n<p style=\"text-align: center;\"><strong>Erasmus+ Project KA3 \u2013 Support for Policy Reform 621506-EPP-1-2020-1-IT-EPPKA3-IPI-SOC-IN<\/strong><\/p>\n<p style=\"text-align: center;\"><img data-recalc-dims=\"1\" decoding=\"async\" data-attachment-id=\"421\" data-permalink=\"https:\/\/schoolplasticfreemovement.org\/es\/homepage\/spem_logo\/\" data-orig-file=\"https:\/\/i0.wp.com\/schoolplasticfreemovement.org\/wp-content\/uploads\/2021\/04\/SPEM_LOGO.jpg?fit=246%2C102&amp;ssl=1\" data-orig-size=\"246,102\" data-comments-opened=\"1\" data-image-meta=\"{&quot;aperture&quot;:&quot;0&quot;,&quot;credit&quot;:&quot;&quot;,&quot;camera&quot;:&quot;&quot;,&quot;caption&quot;:&quot;&quot;,&quot;created_timestamp&quot;:&quot;0&quot;,&quot;copyright&quot;:&quot;&quot;,&quot;focal_length&quot;:&quot;0&quot;,&quot;iso&quot;:&quot;0&quot;,&quot;shutter_speed&quot;:&quot;0&quot;,&quot;title&quot;:&quot;&quot;,&quot;orientation&quot;:&quot;0&quot;}\" data-image-title=\"SPEM_LOGO\" data-image-description=\"&lt;p&gt;School Plastic Free Movement&lt;\/p&gt;\n\" data-image-caption=\"\" data-large-file=\"https:\/\/i0.wp.com\/schoolplasticfreemovement.org\/wp-content\/uploads\/2021\/04\/SPEM_LOGO.jpg?fit=246%2C102&amp;ssl=1\" class=\"size-full wp-image-421 aligncenter\" src=\"https:\/\/i0.wp.com\/schoolplasticfreemovement.org\/wp-content\/uploads\/2021\/04\/SPEM_LOGO.jpg?resize=246%2C102\" alt=\"\" width=\"246\" height=\"102\" \/><\/p>\n<p style=\"text-align: center;\" align=\"justify\"><strong>No heredamos la tierra de nuestros antepasados, la tomamos prestada de nuestros hijos (proverbio indio)<\/strong><\/p>\n<p align=\"justify\">Vivimos en una sociedad que est\u00e1 invadida por pl\u00e1sticos y productos derivados del petr\u00f3leo. Nuestros h\u00e1bitos diarios est\u00e1n destruyendo el ecosistema del planeta poniendo en riesgo la vida en el planeta Tierra. Durante a\u00f1os no se han escuchado todos los llamamientos en este sentido y hemos llegado a un momento en el que, cada persona absorbe cada semana, a trav\u00e9s del aire, la comida y el agua, una cantidad de micro-pl\u00e1sticos similar al tama\u00f1o de una tarjeta de cr\u00e9dito. Es, por tanto, el momento de actuar de forma contundente, para promover un cambio completo en los h\u00e1bitos cotidianos de las personas, con el fin de salvaguardar el medio ambiente, nuestra salud y el futuro de la humanidad y de muchas especies vivas del planeta.<\/p>\n<p align=\"justify\">El movimiento de Escuelas libres de pl\u00e1stico nace de la necesidad de educar a las generaciones futuras en la posibilidad de inventar todas las formas posibles de reemplazar el uso del pl\u00e1stico con materiales alternativos, sostenibles y eco-compatibles; queremos que el movimiento empiece desde la base, invitando a los centros e instituciones educativas de todo el mundo a participar en \u00e9l.<\/p>\n<p align=\"justify\">Queremos iniciar un proceso de concienciaci\u00f3n de los ni\u00f1os y j\u00f3venes, desde su amor por la naturaleza y por la vida y llevar a una transformaci\u00f3n en el consumo y las elecciones que hacemos, tanto para ellos como para los adultos que los rodean. En particular, queremos dar a las nuevas generaciones la posibilidad de recuperar ritmos de vida m\u00e1s pausados y una idea de consumo m\u00e1s sostenible. Durante d\u00e9cadas, la rapidez y el consumo desenfrenado de cualquier producto se han convertido en elementos clave de nuestra vida diaria: necesitamos cambiar nuestra forma de actuar y concebir la vida porque ya nos hemos convertido en un elemento destructivo para el planeta. Esta red, este movimiento se ha propuesto, por tanto, dos objetivos fundamentales: encontrar ritmos vitales m\u00e1s cercanos a la naturaleza de la que somos parte integral y producir el menor desperdicio posible.<\/p>\n<p align=\"justify\">Partiendo de los centros en las propias escuelas, en las asociaciones, en las familias, queremos emplear la creatividad del alumnado para cambiar los h\u00e1bitos de los adultos. Por lo tanto, el movimiento nace desde la base, del alumnado, desde cualquier escuela e instituci\u00f3n educativa y quiere expandirse por todo el mundo, para comenzar un proceso de concienciaci\u00f3n y sensibilizaci\u00f3n que comienza en la infancia, con los ni\u00f1os, su amor por la naturaleza y la vida y conduce a una transformaci\u00f3n en el consumo y en las elecciones de los adultos.<\/p>\n<p align=\"justify\">La idea es animar al alumnado, de cualquier pa\u00eds del mundo, a repensar el uso que hacen del pl\u00e1stico en su vida diaria, a comprender qu\u00e9 impacto puede tener este uso en el medio ambiente (desde su producci\u00f3n, uso, disposici\u00f3n del objeto) y a inventar, crear alternativas sostenibles que puedan ser utilizadas de forma permanente en la escuela o en casa. El movimiento tiene como objetivo concienciar y sensibilizar a los j\u00f3venes sobre el impacto medioambiental de los pl\u00e1sticos y darles la oportunidad de ser protagonistas de un cambio a trav\u00e9s de su creatividad.<\/p>\n<p align=\"justify\">El alumnado\/ni\u00f1as y ni\u00f1os\/ j\u00f3venes de los centros educativos o de cualquier instituci\u00f3n que se incorpore al movimiento, deber\u00e1n comprometerse a identificar una serie de objetos de pl\u00e1stico (como inicio de un proceso de transformaci\u00f3n) para ser reemplazados por otros materiales alternativos (reciclados, sostenibles, eco-compatibles), que ellos mismos inventar\u00e1 y que se conviertan, de forma permanente, en objetos comunes en las respectivas instituciones educativas y que se compartir\u00e1n en una plataforma que aglutinar\u00e1 las ideas procedentes de todo el mundo.<\/p>\n<p align=\"justify\">Esta red nace en el seno de una Red internacional ya estructurada sobre los valores prosociales, una comunidad de \u00e1mbito mundial llamada \u201cNobody Less- Ni uno menos\u201d para el intercambio de buenas pr\u00e1cticas, en la que cada escuela \/ organizaci\u00f3n presentar\u00e1 sus alternativas al pl\u00e1stico y todas las actividades relacionadas. Esta Comunidad ser\u00e1 un espacio de di\u00e1logo intercultural, un espacio de confrontaci\u00f3n y apertura al otro, que permitir\u00e1 al alumnado involucrado ver c\u00f3mo su compromiso puede ser de enorme importancia para todo el planeta. La libre circulaci\u00f3n de las escuelas libres de pl\u00e1stico tiene como objetivo tener un impacto pol\u00edtico y social que pueda influir positivamente en la sociedad a trav\u00e9s del ejemplo que brindan los propios ni\u00f1os. Cualquier escuela u organizaci\u00f3n educativa p\u00fablica o privada del mundo puede unirse a la red de forma libre y gratuita. Sin l\u00edmites de edad, religi\u00f3n o pa\u00eds.<\/p>\n<p align=\"justify\">Los objetivos del movimiento pueden resumirse en:<\/p>\n<p align=\"justify\">Educar a los ni\u00f1os para que eviten el uso de pl\u00e1stico y sean conscientes de los problemas ambientales relacionados con ello.<\/p>\n<p align=\"justify\">Desarrollar la creatividad de los ni\u00f1os para inventar materiales y herramientas de origen alternativo con la idea de poder usarlas permanentemente sustituyendo al pl\u00e1stico en las escuelas.<\/p>\n<p align=\"justify\">Crear una plataforma online con todas las experiencias compartidas.<\/p>\n<p align=\"justify\">Proponer juegos, actividades y estrategias para compartir online para prevenir el uso de pl\u00e1stico. Crear un movimiento europeo y extraeuropeo de escuelas \/ instituciones \/ asociaciones.<\/p>\n<p align=\"justify\">Involucrar en el cambio de h\u00e1bitos a las familias de los ni\u00f1os y dejar de usar pl\u00e1stico.<\/p>\n<p align=\"justify\">Crear un emblema escolar como s\u00edmbolo de la implicaci\u00f3n social en el proceso<\/p>\n<p align=\"justify\">Elaborar unidades did\u00e1cticas o actividades sobre el efecto pl\u00e1stico en el ser humano y en el planeta Tierra.<\/p>\n<p align=\"justify\">Esta red est\u00e1 vinculada a la Carta de valores prosociales de la comunidad internacional \u201cNi uno menos\u201d, que se puede descargar aqu\u00ed: <a href=\"http:\/\/psv.europole.org\/prosocial-value-community-2\/\">Carta de Valores Prosociales<\/a><\/p>\n<p align=\"justify\">El movimiento de escuelas libre de pl\u00e1stico es oficialmente parte de la Red Internacional <a href=\"http:\/\/www.nobodyless.org\">\u201cNi uno menos\u201d<\/a><\/p>\n<p><\/p>","protected":false},"excerpt":{"rendered":"<p>Erasmus+ Project KA3 \u2013 Support for Policy Reform 621506-EPP-1-2020-1-IT-EPPKA3-IPI-SOC-IN No heredamos la tierra de nuestros antepasados, la tomamos prestada de nuestros hijos (proverbio indio) Vivimos en una sociedad que est\u00e1 invadida por pl\u00e1sticos y productos derivados del petr\u00f3leo. Nuestros h\u00e1bitos diarios est\u00e1n destruyendo el ecosistema del planeta poniendo en riesgo la vida en el planeta [&hellip;]<\/p>\n","protected":false},"author":1,"featured_media":0,"parent":0,"menu_order":0,"comment_status":"closed","ping_status":"closed","template":"","meta":{"_eb_attr":"","rop_custom_images_group":[],"rop_custom_messages_group":[],"rop_publish_now":"initial","rop_publish_now_accounts":[],"rop_publish_now_history":[],"rop_publish_now_status":"pending","_themeisle_gutenberg_block_has_review":false,"jetpack_post_was_ever_published":false,"footnotes":""},"class_list":["post-5476","page","type-page","status-publish","hentry"],"jetpack_sharing_enabled":true,"jetpack_likes_enabled":true,"jetpack_shortlink":"https:\/\/wp.me\/PbDhrA-1qk","_links":{"self":[{"href":"https:\/\/schoolplasticfreemovement.org\/es\/wp-json\/wp\/v2\/pages\/5476","targetHints":{"allow":["GET"]}}],"collection":[{"href":"https:\/\/schoolplasticfreemovement.org\/es\/wp-json\/wp\/v2\/pages"}],"about":[{"href":"https:\/\/schoolplasticfreemovement.org\/es\/wp-json\/wp\/v2\/types\/page"}],"author":[{"embeddable":true,"href":"https:\/\/schoolplasticfreemovement.org\/es\/wp-json\/wp\/v2\/users\/1"}],"replies":[{"embeddable":true,"href":"https:\/\/schoolplasticfreemovement.org\/es\/wp-json\/wp\/v2\/comments?post=5476"}],"version-history":[{"count":1,"href":"https:\/\/schoolplasticfreemovement.org\/es\/wp-json\/wp\/v2\/pages\/5476\/revisions"}],"predecessor-version":[{"id":5477,"href":"https:\/\/schoolplasticfreemovement.org\/es\/wp-json\/wp\/v2\/pages\/5476\/revisions\/5477"}],"wp:attachment":[{"href":"https:\/\/schoolplasticfreemovement.org\/es\/wp-json\/wp\/v2\/media?parent=5476"}],"curies":[{"name":"wp","href":"https:\/\/api.w.org\/{rel}","templated":true}]}}

<p></p>
<p style="text-align: center;"><strong>Erasmus+ Project KA3 – Support for Policy Reform 621506-EPP-1-2020-1-IT-EPPKA3-IPI-SOC-IN</strong></p>
<p style="text-align: center;"><img data-recalc-dims="1" decoding="async" data-attachment-id="421" data-permalink="https://schoolplasticfreemovement.org/es/homepage/spem_logo/" data-orig-file="https://i0.wp.com/schoolplasticfreemovement.org/wp-content/uploads/2021/04/SPEM_LOGO.jpg?fit=246%2C102&amp;ssl=1" data-orig-size="246,102" data-comments-opened="1" data-image-meta="{&quot;aperture&quot;:&quot;0&quot;,&quot;credit&quot;:&quot;&quot;,&quot;camera&quot;:&quot;&quot;,&quot;caption&quot;:&quot;&quot;,&quot;created_timestamp&quot;:&quot;0&quot;,&quot;copyright&quot;:&quot;&quot;,&quot;focal_length&quot;:&quot;0&quot;,&quot;iso&quot;:&quot;0&quot;,&quot;shutter_speed&quot;:&quot;0&quot;,&quot;title&quot;:&quot;&quot;,&quot;orientation&quot;:&quot;0&quot;}" data-image-title="SPEM_LOGO" data-image-description="&lt;p&gt;School Plastic Free Movement&lt;/p&gt;
" data-image-caption="" data-large-file="https://i0.wp.com/schoolplasticfreemovement.org/wp-content/uploads/2021/04/SPEM_LOGO.jpg?fit=246%2C102&amp;ssl=1" class="size-full wp-image-421 aligncenter" src="https://i0.wp.com/schoolplasticfreemovement.org/wp-content/uploads/2021/04/SPEM_LOGO.jpg?resize=246%2C102" alt="" width="246" height="102" /></p>
<p style="text-align: center;" align="justify"><strong>No heredamos la tierra de nuestros antepasados, la tomamos prestada de nuestros hijos (proverbio indio)</strong></p>
<p align="justify">Vivimos en una sociedad que está invadida por plásticos y productos derivados del petróleo. Nuestros hábitos diarios están destruyendo el ecosistema del planeta poniendo en riesgo la vida en el planeta Tierra. Durante años no se han escuchado todos los llamamientos en este sentido y hemos llegado a un momento en el que, cada persona absorbe cada semana, a través del aire, la comida y el agua, una cantidad de micro-plásticos similar al tamaño de una tarjeta de crédito. Es, por tanto, el momento de actuar de forma contundente, para promover un cambio completo en los hábitos cotidianos de las personas, con el fin de salvaguardar el medio ambiente, nuestra salud y el futuro de la humanidad y de muchas especies vivas del planeta.</p>
<p align="justify">El movimiento de Escuelas libres de plástico nace de la necesidad de educar a las generaciones futuras en la posibilidad de inventar todas las formas posibles de reemplazar el uso del plástico con materiales alternativos, sostenibles y eco-compatibles; queremos que el movimiento empiece desde la base, invitando a los centros e instituciones educativas de todo el mundo a participar en él.</p>
<p align="justify">Queremos iniciar un proceso de concienciación de los niños y jóvenes, desde su amor por la naturaleza y por la vida y llevar a una transformación en el consumo y las elecciones que hacemos, tanto para ellos como para los adultos que los rodean. En particular, queremos dar a las nuevas generaciones la posibilidad de recuperar ritmos de vida más pausados y una idea de consumo más sostenible. Durante décadas, la rapidez y el consumo desenfrenado de cualquier producto se han convertido en elementos clave de nuestra vida diaria: necesitamos cambiar nuestra forma de actuar y concebir la vida porque ya nos hemos convertido en un elemento destructivo para el planeta. Esta red, este movimiento se ha propuesto, por tanto, dos objetivos fundamentales: encontrar ritmos vitales más cercanos a la naturaleza de la que somos parte integral y producir el menor desperdicio posible.</p>
<p align="justify">Partiendo de los centros en las propias escuelas, en las asociaciones, en las familias, queremos emplear la creatividad del alumnado para cambiar los hábitos de los adultos. Por lo tanto, el movimiento nace desde la base, del alumnado, desde cualquier escuela e institución educativa y quiere expandirse por todo el mundo, para comenzar un proceso de concienciación y sensibilización que comienza en la infancia, con los niños, su amor por la naturaleza y la vida y conduce a una transformación en el consumo y en las elecciones de los adultos.</p>
<p align="justify">La idea es animar al alumnado, de cualquier país del mundo, a repensar el uso que hacen del plástico en su vida diaria, a comprender qué impacto puede tener este uso en el medio ambiente (desde su producción, uso, disposición del objeto) y a inventar, crear alternativas sostenibles que puedan ser utilizadas de forma permanente en la escuela o en casa. El movimiento tiene como objetivo concienciar y sensibilizar a los jóvenes sobre el impacto medioambiental de los plásticos y darles la oportunidad de ser protagonistas de un cambio a través de su creatividad.</p>
<p align="justify">El alumnado/niñas y niños/ jóvenes de los centros educativos o de cualquier institución que se incorpore al movimiento, deberán comprometerse a identificar una serie de objetos de plástico (como inicio de un proceso de transformación) para ser reemplazados por otros materiales alternativos (reciclados, sostenibles, eco-compatibles), que ellos mismos inventará y que se conviertan, de forma permanente, en objetos comunes en las respectivas instituciones educativas y que se compartirán en una plataforma que aglutinará las ideas procedentes de todo el mundo.</p>
<p align="justify">Esta red nace en el seno de una Red internacional ya estructurada sobre los valores prosociales, una comunidad de ámbito mundial llamada “Nobody Less- Ni uno menos” para el intercambio de buenas prácticas, en la que cada escuela / organización presentará sus alternativas al plástico y todas las actividades relacionadas. Esta Comunidad será un espacio de diálogo intercultural, un espacio de confrontación y apertura al otro, que permitirá al alumnado involucrado ver cómo su compromiso puede ser de enorme importancia para todo el planeta. La libre circulación de las escuelas libres de plástico tiene como objetivo tener un impacto político y social que pueda influir positivamente en la sociedad a través del ejemplo que brindan los propios niños. Cualquier escuela u organización educativa pública o privada del mundo puede unirse a la red de forma libre y gratuita. Sin límites de edad, religión o país.</p>
<p align="justify">Los objetivos del movimiento pueden resumirse en:</p>
<p align="justify">Educar a los niños para que eviten el uso de plástico y sean conscientes de los problemas ambientales relacionados con ello.</p>
<p align="justify">Desarrollar la creatividad de los niños para inventar materiales y herramientas de origen alternativo con la idea de poder usarlas permanentemente sustituyendo al plástico en las escuelas.</p>
<p align="justify">Crear una plataforma online con todas las experiencias compartidas.</p>
<p align="justify">Proponer juegos, actividades y estrategias para compartir online para prevenir el uso de plástico. Crear un movimiento europeo y extraeuropeo de escuelas / instituciones / asociaciones.</p>
<p align="justify">Involucrar en el cambio de hábitos a las familias de los niños y dejar de usar plástico.</p>
<p align="justify">Crear un emblema escolar como símbolo de la implicación social en el proceso</p>
<p align="justify">Elaborar unidades didácticas o actividades sobre el efecto plástico en el ser humano y en el planeta Tierra.</p>
<p align="justify">Esta red está vinculada a la Carta de valores prosociales de la comunidad internacional “Ni uno menos”, que se puede descargar aquí: <a href="http://psv.europole.org/prosocial-value-community-2/">Carta de Valores Prosociales</a></p>
<p align="justify">El movimiento de escuelas libre de plástico es oficialmente parte de la Red Internacional <a href="http://www.nobodyless.org">“Ni uno menos”</a></p>
<p></p>

<p>Erasmus+ Project KA3 – Support for Policy Reform 621506-EPP-1-2020-1-IT-EPPKA3-IPI-SOC-IN No heredamos la tierra de nuestros antepasados, la tomamos prestada de nuestros hijos (proverbio indio) Vivimos en una sociedad que está invadida por plásticos y productos derivados del petróleo. Nuestros hábitos diarios están destruyendo el ecosistema del planeta poniendo en riesgo la vida en el planeta [&hellip;]</p>
